33
In base 8, what is -275 - 3?
-300
In base 8, what is 13 + 6?
21
In base 12, what is 4 - 39?
-35
In base 9, what is -14 - -285?
271
In base 11, what is -10 - a0?
-100
In base 5, what is 201312 + 3?
201320
In base 10, what is -3 + 631?
628
In base 6, what is 44055 - 5?
44050
In base 16, what is 0 - df?
-df
In base 16, what is -436 + 0?
-436
In base 2, what is 11 - -10?
101
In base 7, what is 2246 - -5?
2254
In base 13, what is a9 + 1?
aa
In base 10, what is -60 + -89?
-149
In base 16, what is -a + 13d?
133
In base 16, what is 42e + 2?
430
In base 9, what is -16 + 20?
3
In base 4, what is -1130 - 10?
-1200
In base 7, what is -44 + -205?
-252
In base 16, what is -405 - a?
-40f
In base 10, what is -58 - 1?
-59
In base 9, what is -17 + 55?
37
In base 5, what is 34123 - 1?
34122
In base 6, what is 251 - -30?
321
In base 14, what is 3d - a1?
-62
In base 3, what is 1 + -20?
-12
In base 3, what is -102 + -100?
-202
In base 6, what is 135534 + -4?
135530
In base 12, what is 4 + 386?
38a
In base 12, what is -376 - -3?
-373
In base 6, what is 151 - -24?
215
In base 7, what is 1246 - -1?
1250
In base 7, what is -15 - -106?
61
In base 8, what is -53 + -101?
-154
In base 10, what is -74 - 1?
-75
In base 16, what is -194 - 0?
-194
In base 10, what is 1 - 1597?
-1596
In base 8, what is 12 - 344?
-332
In base 7, what is 40 - -104?
144
In base 2, what is -10011 - 101?
-11000
In base 15, what is -30 + 8?
-27
In base 3, what is 2 - 202112?
-202110
In base 14, what is 0 - -9?
9
In base 15, what is 5 - 25d?
-258
In base 14, what is -572 + -5?
-577
In base 6, what is 3 - -3331?
3334
In base 10, what is 5 + -2156?
-2151
In base 11, what is -1 + -51?
-52
In base 11, what is 40 + 138?
178
In base 3, what is 111212011 - 10?
111212001
In base 4, what is -3102 + 13?
-3023
In base 8, what is 275 - 5?
270
In base 6, what is 4 - 15?
-11
In base 15, what is -4 + -1c?
-21
In base 10, what is -8 + 72?
64
In base 11, what is -16 + -8?
-23
In base 9, what is -25 + -2?
-27
In base 12, what is 4 + -1a5?
-1a1
In base 8, what is -137 + 10?
-127
In base 14, what is -13 - -18d?
17a
In base 4, what is 12 - -12?
30
In base 3, what is 0 + -111122?
-111122
In base 7, what is 223 - 3?
220
In base 12, what is 4 + -887?
-883
In base 2, what is 11 - 101101?
-101010
In base 4, what is -2223 - -112?
-2111
In base 5, what is -1433 - -24?
-1404
In base 5, what is 34344 + -1?
34343
In base 16, what is -18b + -1b?
-1a6
In base 13, what is 1 + -26?
-25
In base 15, what is -419 + -1?
-41a
In base 3, what is 100222 + -1?
100221
In base 2, what is -111010 + 101?
-110101
In base 10, what is 6 + 41?
47
In base 6, what is -3132 - 1?
-3133
In base 13, what is -5 + -1c3?
-1c8
In base 4, what is -11 + 12?
1
In base 10, what is 226 + -4?
222
In base 2, what is 101111101 + 101?
110000010
In base 10, what is 4 - 192?
-188
In base 2, what is -1111110 - 101?
-10000011
In base 7, what is -1 - -20?
16
In base 8, what is 0 - -1745?
1745
In base 12, what is b + 11?
20
In base 10, what is -154 - -17?
-137
In base 9, what is 1 - 330?
-328
In base 15, what is 10 + -21?
-11
In base 3, what is 1212012 - 12?
1212000
In base 4, what is -2 - -1011?
1003
In base 13, what is -3 + -34?
-37
In base 16, what is 1 + 1f?
20
In base 6, what is -11441 + -4?
-11445
In base 3, what is -101 + 1220?
1112
In base 3, what is -22001101 - -1?
-22001100
In base 6, what is -4 + -3351?
-3355
In base 15, what is -2b9 + 0?
-2b9
In base 11, what is 2 + 66?
68
In base 14, what is 24 - -1?
25
In base 3, what is 0 + 122002?
122002
In base 12, what is -9 + 19?
10
In base 8, what is 4150 - -3?
4153
In base 16, what is -1 + 6ce?
6cd
In base 15, what is -3 - 630?
-633
In base 5, what is 10 + -1003?
-443
In base 15, what is 191 - 1?
190
In base 12, what is 1ab4 - 4?
1ab0
In base 15, what is 2 + -e7?
-e5
In base 4, what is 3 + 103213?
103222
In base 6, what is 0 + -33?
-33
In base 11, what is 3 + -4159?
-4156
In base 11, what is -33 - -44?
11
In base 2, what is 111110100100 - -10?
111110100110
In base 9, what is 2 + -86?
-84
In base 14, what is 4c - -8?
56
In base 8, what is 20 + 201?
221
In base 8, what is 31 + -34?
-3
In base 15, what is 49 - -4?
4d
In base 9, what is 4004 - 10?
3884
In base 9, what is 17 - 708?
-681
In base 5, what is -13 - 34?
-102
In base 3, what is -212 - 112111?
-120100
In base 3, what is -210 - 12?
-222
In base 3, what is -10212 - 2001?
-12220
In base 16, what is -13c + -3?
-13f
In base 2, what is 110011110011 + 100?
110011110111
In base 15, what is 3 - 37?
-34
In base 6, what is -5 + 23?
14
In base 12, what is -176a + 8?
-1762
In base 6, what is -15 + 1354?
1335
In base 4, what is 0 - -3?
3
In base 13, what is 25 - 5?
20
In base 11, what is -347 - 5?
-351
In base 12, what is 25 + 12?
37
In base 4, what is -11002 + -100?
-11102
In base 16, what is 12 + 30?
42
In base 4, what is -2 + -1022?
-1030
In base 4, what is 3 + 3?
12
In base 7, what is 14423 + 3?
14426
In base 11, what is -10 + -20?
-30
In base 12, what is 21 + -1?
20
In base 12, what is 4 + -123?
-11b
In base 16, what is -4ad + 5?
-4a8
In base 6, what is -20 - -21?
1
In base 16, what is -ea + 13?
-d7
In base 15, what is 5 - 17c?
-177
In base 8, what is -46 - 4?
-52
In base 6, what is 53 + 2?
55
In base 7, what is 2154 + -2?
2152
In base 5, what is 14421 - -2?
14423
In base 4, what is 30 + 1020?
1110
In base 5, what is -10 + 22?
12
In base 3, what is 102212 - -2?
102221
In base 16, what is -64 - 1b?
-7f
In base 12, what is -461 + 3?
-45a
In base 5, what is 12 + -134?
-122
In base 7, what is -10 - 11?
-21
In base 11, what is 19 - -4?
22
In base 4, what is -11 - 2101?
-2112
In base 5, what is 131 - -1341?
2022
In base 2, what is 0 + 1011110?
1011110
In base 7, what is 14 + -2?
12
In base 12, what is 272 - 1?
271
In base 12, what is -5 - -115?
110
In base 14, what is 3 - -b96?
b99
In base 3, what is 11 - -2100202?
2100220
In base 7, what is -5 - 305?
-313
In base 6, what is 234 - -3?
241
In base 15, what is -ec2 - 0?
-ec2
In base 14, what is -1 + -4c?
-4d
In base 7, what is -216 - 44?
-263
In base 11, what is 115 + -15?
100
In base 7, what is -116 + 10?
-106
In base 5, what is 1404 + -3?
1401
In base 3, what is 0 - 10202?
-10202
In base 14, what is -5 + -17b3?
-17b8
In base 9, what is 2 + -6?
-4
In base 8, what is -1122 + 45?
-1055
In base 8, what is -6 - -150?
142
In base 14, what is 139 - 11?
128
In base 8, what is -3 + -37?
-42
In base 12, what is -1a + a?
-10
In base 5, what is 10 + -134?
-124
In base 3, what is 2 - 1200222?
-1200220
In base 8, what is -12 + -42?
-54
In base 13, what is -b0 - -4?
-a9
In base 16, what is 67 + 1b?
82
In base 9, what is -18 + -83?
-112
In base 10, what is -2 + 8?
6
In base 12, what is -57 + 1?
-56
In base 5, what is 1241 + -3?
1233
In base 9, what is 1 + 71?
72
In base 13, what is 85 + 2?
87
In base 3, what is -2212 - -11?
-2201
In base 3, what is -20 - 102200?
-102220
In base 4, what is -11 - 2213?
-2230
In base 7, what is 1 - -255?
256
In base 2, what is -1010000101001 + 0?
-1010000101001
In base 11, what is -15 - -75?
60
In base 14, what is -2 - -17?
15
In base 12, what is 25 - -27?
50
In base 14, what is -17 + -4?
-1b
In base 2, what is 11100001 - 11?
11011110
In base 7, what is -1 - -155?
154
In base 14, what is 2 + -2?
0
In base 11, what is -1a9 - 2?
-200
In base 4, what is 3021 + 12?
3033
In base 12, what is -5 - 43?
-48
In base 2, what is 11 - -1011?
1110
In base 3, what is 102 - 11?
21
In base 5, what is -10 - -243?
233
In base 4, what is 10103 + -1?
10102
In base 2, what is 1111 - -100?
10011
In base 15, what is 18 + -1c?
-4
In base 16, what is -4 + -1614?
-1618
In base 13, what is 0 - -ab?
ab
In base 15, what is 181 + 2?
183
In base 9, what is -5 - 31?
-36
In base 8, what is -1 + -4051?
-4052
In base 15, what is -11 - -1b?
a
In base 3, what is -11 + -22112?
-22200
In base 15, what is 0 - 7e?
-7e
In base 4, what is 312 - -12?
330
In base 3, what is -1212 - -121100?
112111
In base 11, what is -3 + -472?
-475
In base 8, what is -3774 + -3?
-3777
In base 8, what is -123 + 1?
-122
In base 10, what is -792 - -5?
-787
In base 11, what is 374 - -16?
38a
In base 12, what is 8 + b?
17
In base 5, what is 10 - 21?
-11
In base 11, what is -4 + -14?
-18
In base 14, what is 3 - -124?
127
In base 15, what is -3 - 2?
-5
In base 16, what is 12f3